 5.
-23441
What is 8480 (base 9) in base 14?
23ac
Convert 120000 (base 3) to base 5.
3110
Convert 755 (base 15) to base 16.
677
What is -10135 (base 9) in base 4?
-1220102
-31002 (base 5) to base 3
-2202011
Convert -1042 (base 8) to base 2.
-1000100010
What is 43a (base 14) in base 7?
2303
What is 10231303 (base 4) in base 9?
28441
Convert 1073b (base 12) to base 10.
21791
Convert -53db (base 16) to base 15.
-6562
What is 3bae (base 15) in base 4?
3013130
809 (base 12) to base 9
1530
Convert 38800 (base 10) to base 2.
1001011110010000
What is -204 (base 11) in base 8?
-366
Convert -2200313 (base 5) to base 3.
-1220112222
Convert 754 (base 12) to base 8.
2060
Convert -7613 (base 8) to base 5.
-111404
What is 1002133 (base 4) in base 10?
4255
What is 39910 (base 11) in base 10?
57002
What is -7530 (base 8) in base 4?
-331120
Convert -396 (base 12) to base 3.
-202020
What is -350 (base 10) in base 3?
-110222
Convert 20a2 (base 11) to base 7.
11042
What is 620 (base 7) in base 5?
2213
Convert 370 (base 13) to base 14.
30a
What is -1506 (base 8) in base 15?
-3ad
-980a (base 14) to base 8
-63242
-81c (base 14) to base 15
-714
Convert 714 (base 15) to base 7.
4435
Convert -71 (base 9) to base 15.
-44
What is -9813 (base 12) in base 13?
-77c1
What is -20302203 (base 4) in base 6?
-434403
Convert -2835 (base 10) to base 15.
-c90
What is -1575 (base 9) in base 12?
-842
Convert 6162 (base 8) to base 10.
3186
1192 (base 13) to base 15
b0a
Convert 153 (base 6) to base 13.
54
What is 1438 (base 11) in base 4?
131000
-351e (base 15) to base 3
-120110202
-131343 (base 5) to base 2
-1010001100111
2312 (base 9) to base 13
a19
-267 (base 8) to base 16
-b7
What is 199a3 (base 15) in base 4?
110103222
Convert 110001100011010 (base 2) to base 9.
37718
111110110101001 (base 2) to base 14
ba1b
What is -1760 (base 9) in base 7?
-3636
11102200 (base 4) to base 16
54a0
-175 (base 16) to base 9
-454
What is 2930 (base 16) in base 5?
314134
Convert 263 (base 12) to base 15.
193
Convert -4070 (base 8) to base 11.
-1643
Convert 296 (base 12) to base 15.
1bc
Convert d76 (base 16) to base 10.
3446
-522 (base 9) to base 14
-225
-15f (base 16) to base 10
-351
1b32 (base 12) to base 5
101400
Convert 175 (base 11) to base 5.
1303
Convert 524325 (base 7) to base 5.
10343000
-131102 (base 4) to base 16
-752
-963 (base 10) to base 4
-33003
What is -243 (base 7) in base 15?
-89
What is -1033114 (base 5) in base 7?
-103133
-1303322 (base 4) to base 7
-30425
What is 276 (base 11) in base 4?
11011
-265 (base 14) to base 3
-122211
Convert 2b3 (base 16) to base 3.
221121
What is 9c (base 14) in base 11?
116
What is 21234 (base 6) in base 12?
181a
What is -899 (base 13) in base 2?
-10111000110
110001110000001 (base 2) to base 4
12032001
1023a (base 12) to base 9
31811
Convert 2d2d (base 14) to base 3.
102002011
What is -204115 (base 6) in base 13?
-7655
What is 1645 (base 13) in base 5?
101033
768 (base 11) to base 14
49b
Convert -65 (base 15) to base 11.
-87
31b (base 13) to base 15
256
Convert 267 (base 9) to base 13.
142
Convert 5447 (base 8) to base 7.
11216
Convert 2713 (base 8) to base 3.
2000221
Convert -101313111 (base 4) to base 6.
-1322433
Convert 7953 (base 10) to base 13.
380a
-20010 (base 3) to base 5
-1130
Convert -11100101010010 (base 2) to base 10.
-14674
What is -32c (base 16) in base 5?
-11222
Convert 217 (base 12) to base 15.
157
Convert -1a40 (base 12) to base 16.
-c90
124 (base 15) to base 9
317
Convert 163 (base 10) to base 13.
c7
What is 22 (base 11) in base 6?
40
What is d0 (base 15) in base 13?
120
Convert 101221 (base 3) to base 5.
2140
What is 12010222 (base 3) in base 11?
2901
Convert -66244 (base 7) to base 6.
-204454
-169 (base 16) to base 5
-2421
Convert -11f (base 16) to base 11.
-241
Convert -3224 (base 6) to base 11.
-60a
Convert 5a79 (base 11) to base 12.
4727
259 (base 10) to base 14
147
What is 2060 (base 11) in base 13?
131b
Convert a16 (base 12) to base 13.
882
What is -6728 (base 10) in base 8?
-15110
What is 27714 (base 9) in base 4?
10211311
442 (base 15) to base 14
4ca
Convert 204500 (base 6) to base 10.
16596
What is -14f8 (base 16) in base 6?
-40504
-51 (base 8) to base 16
-29
435 (base 7) to base 8
336
What is 122 (base 10) in base 3?
11112
6136 (base 7) to base 12
129a
Convert 22233103 (base 4) to base 11.
30059
Convert -112688 (base 9) to base 3.
-10102202222
What is 533 (base 13) in base 6?
4035
Convert -1a21 (base 15) to base 13.
-2761
What is -447 (base 8) in base 7?
-601
What is -4a25 (base 15) in base 12?
-9175
-415a (base 14) to base 12
-6618
Convert -39d4 (base 14) to base 9.
-14863
-20131301 (base 4) to base 15
-a418
a20 (base 11) to base 9
1618
What is -25607 (base 8) in base 11?
-8410
Convert 43720 (base 11) to base 9.
106003
-11655 (base 9) to base 15
-24bb
What is d7e (base 16) in base 10?
3454
Convert -65a (base 11) to base 6.
-3355
Convert -841a (base 11) to base 14.
-40c9
-417 (base 10) to base 15
-1cc
-321214 (base 5) to base 6
-122013
-23 (base 6) to base 2
-1111
32344 (base 8) to base 9
20514
Convert -1121021 (base 3) to base 5.
-14133
What is -19328 (base 11) in base 2?
-110100110000101
What is 13321011 (base 4) in base 16?
7e45
Convert 111010 (base 2) to base 14.
42
Convert 20222 (base 6) to base 3.
10200012
13a (base 14) to base 7
503
Convert -1782 (base 10) to base 3.
-2110000
Convert a50 (base 16) to base 10.
2640
-4854 (base 10) to base 6
-34250
-317 (base 13) to base 3
-201112
What is 1000 (base 4) in base 13?
4c
Convert 159 (base 14) to base 16.
113
Convert 2202122 (base 3) to base 14.
a3d
-865 (base 14) to base 10
-1657
-24021 (base 7) to base 5
-144224
Convert -19bc (base 13) to base 7.
-14202
What is -5512 (base 8) in base 6?
-21214
696 (base 10) to base 11
583
What is -2402 (base 6) in base 12?
-402
Convert 30133 (base 5) to base 3.
2122001
Convert 2ba (base 13) to base 2.
111101011
What is -64 (base 8) in base 12?
-44
3410 (base 6) to base 3
1002120
Convert b8 (base 16) to base 9.
224
What is 452243 (base 6) in base 15?
b460
What is 48206 (base 9) in base 15?
9849
Convert -642 (base 8) to base 7.
-1135
1111011010 (base 2) to base 11
817
Convert -120226 (base 7) to base 8.
-52337
Convert 2002133 (base 4) to base 11.
6302
-37413 (base 8) to base 14
-5c4b
What is -12905 (base 10) in base 7?
-52424
Convert 16c3 (base 16) to base 13.
2863
What is -136 (base 7) in base 4?
-1030
Convert -3000 (base 4) to base 8.
-300
What is 797 (base 10) in base 7?
2216
135 (base 6) to base 8
73
12035 (base 9) to base 8
17563
524 (base 7) to base 8
407
What is 710 (base 10) in base 7?
2033
-201 (base 14) to base 8
-611
20100122 (base 4) to base 5
2040233
Convert -15222 (base 6) to base 12.
-1512
What is -113021 (base 4) in base 10?
-1481
Convert 2b7 (base 16) to base 11.
582
-16b1 (base 14) to base 7
-14611
23043 (base 8) to base 16
2623
Convert 4a1b (base 15) to base 2.
11110110100000
-c29b (base 14) to base 11
-23156
What is 21743 (base 10) in base 8?
52357
Convert 100000101101 (base 2) to base 9.
2775
-257 (base 13) to base 11
-343
Convert -2070 (base 10) to base 4.
-200112
What is -2021113 (base 4) in base 13?
-4003
723 (base 9) to base 14
300
What is 192 (base 10) in base 15?
cc
27674 (base 9) to base 5
1100103
What is -312 (base 14) in base 12?
-424
What is -3 (base 14) in base 4?
-3
What is 1336 (base 9) in base 14?
51b
Convert 9906 (base 14) to base 12.
13396
-13cc (base 14) to base 8
-6670
Convert -1143 (base 7) to base 2.
-110100111
Convert 10223021 (base 4) to base 12.
b0b5
What is 34517 (base 8) in base 13?
68a7
1000001101 (base 2) to base 10
525
-148 (base 11) to base 3
-20102
What is -58ab (base 13) in base 7?
-51244
Convert 3220 (base 10) to base 13.
1609
-1091 (base 14) to base 7
-11241
-10ab (base 13) to base 11
-1836
-3b2b (base 14) to base 6
-120135
What is 3367 (base 12) in base 8?
13077
What is 868 (base 13) in base 16?
59e
Convert 32257 (base 10) to base 14.
ba81
Convert -34400 (base 6) to base 12.
-2a00
-107 (base 14) to base 4
-3023
What is -5109 (base 10) in base 3?
-21000020
Convert 2c7 (base 14) to base 4.
20313
Convert e99 (base 16) to base 3.
12010102
What is 1200342 (base 5) in base 2?
101010111010100
What is 200011211 (base 3) in base 2?
11001111000100
What is -5d8 (base 14) in base 7?
-3261
What is